 - -19693. Is d a composite number?
True
Let m be 1/(-1 + 4/(-2416)*-606). Suppose -4*s + 3738 = m. Is s a composite number?
False
Let x be 6/(18/(-15))*-1. Suppose -5*t + 6*w - 2*w = -2371, x*w = -t + 451. Suppose 3*n - 3*a - t = 0, n - 4*n - 4*a + 499 = 0. Is n a composite number?
True
Let x(w) = -2019*w + 148. Is x(-19) a composite number?
True
Let h be 238*(4 - 28/8). Let c = 228 - h. Is c a composite number?
False
Let a(i) = -5*i**3 - 4*i**2 + 3*i + 9. Let d(h) = 9*h**3 + 8*h**2 - 7*h - 17. Let x(j) = 7*a(j) + 4*d(j). Is x(-4) a composite number?
False
Let n(q) = -q - 25. Let o be n(-28). Suppose -11238 = -o*j - 2367. Is j a composite number?
False
Let x(a) = 234*a**3 + 6*a**2 - 34*a + 13. Is x(5) a prime number?
True
Suppose -4*y - 24272 = -20*y. Is y a prime number?
False
Suppose 0 = 2*q + 39 - 289. Let j = -36 + q. Is j a prime number?
True
Suppose -3*a + 5*a = -4*k - 1470, a + 720 = -5*k. Let g = a - -1240. Suppose -4*b + g = -349. Is b a prime number?
True
Suppose 4*w + k = -0*w + 1025, w = 3*k + 253. Is w/2 + (-10 - -11) prime?
False
Let j = 1511 + 6278. Is j composite?
False
Let l = 6 - 3. Is l/(18/2049)*2 a prime number?
True
Let f(u) = u + 6. Let o be f(-6). Suppose 7*c = -o*c + 3059. Is c a composite number?
True
Let d(l) = 33*l**2 + 5*l - 22. Let s be d(7). Let m = 1 + 3. Suppose s = -m*u + 4314. Is u composite?
True
Let y(w) = 6 + 3*w**2 + 16*w**2 - 16*w + 19*w + 2*w**2. Let p be y(-3). Is p + (1 - 2) - -2 a composite number?
True
Let k(n) = n + 14. Let r be k(-11). Suppose 3*o - 8*o = r*y - 1241, o = -3*y + 1225. Is y composite?
True
Let k = -7 + 7. Suppose -3*l + 240 = w, -l + k*l + 85 = 2*w. Is l a composite number?
False
Let d = 2380 + -1406. Is d composite?
True
Suppose -5*l + 2 + 4 = 2*n, 0 = -l - n. Let b be 0/l - (-209 + -2). Suppose 2*u - 845 = -b. Is u composite?
False
Let n be 38/10 - 68/85. Is (-2 + n)/(1/233) a prime number?
True
Suppose 3*b + 5*m = -6517, 0 = -b - 3*m - 2*m - 2179. Let h = b - -3766. Is h a composite number?
False
Let f be 0 - 684/15 - 12/(-20). Let y = f + 82. Is y a prime number?
True
Let z be (-2)/10 + (-120)/25. Let y = z - -9. Suppose y*g + 3*r = 987, -3*g - 404 = 2*r - 1145. Is g composite?
True
Suppose 0 = d + 5. Let f(r) = -2*r - 5*r + 5*r - 11 - 8*r. Is f(d) a composite number?
True
Let f(h) = 8*h**2 - h + 40. Is f(-7) prime?
True
Suppose -3*i - 8 = -0*i - 2*d, 4 = -4*i + d. Let u(n) = n + 727. Let a be u(i). Suppose 2*k = -2*y - 81 + 367, -5*y + a = -k. Is y a prime number?
False
Let u = 8 + -4. Suppose n = u*n. Let y(h) = -h**2 - h + 115. Is y(n) prime?
False
Suppose 2*y = 6, 4*s - 3*s + 11 = 5*y. Is (s + 315)*(0 + -1)*-1 composite?
True
Let b(q) = 3*q**2 - 2*q - 6. Suppose -7*p - 28 = o - 2*p, -3*o = -5*p + 4. Let d be -9 - o/4*2. Is b(d) a composite number?
False
Let t(l) = l**3 - 2*l**2 - 3. Let s be t(2). Let b be 5 + -2 + (s - 2). Is b + 304/4 + 0 prime?
False
Suppose 73*g + 143541 = 82*g. Is g prime?
False
Suppose -7*k + 9083 = -2*k - 2*o, 5*k = 4*o + 9081. Is k a composite number?
True
Let p be ((-2)/(-1))/((-2)/(-4)). Suppose -p*z + 1009 = y + 4*y, 4*z - 1000 = 4*y. Is z a prime number?
True
Suppose 25*w - 63*w = -245822. Is w composite?
False
Let d(s) = 2302*s**2 - s + 1. Let c be d(1). Let z = c - 1565. Is z prime?
False
Suppose 7*v - 90 = 1289. Suppose -9*w + v + 586 = 0. Is w composite?
True
Let q(p) = 45*p**2 - 52*p**2 - p - 3*p**3 - p - 8. Is q(-5) prime?
False
Let p(j) = 0*j**2 + 2*j**2 - 4440*j**3 - 2*j + j**2 - 2 - 2*j**2. Is p(-1) a prime number?
True
Let m = 38 + -33. Suppose -1233 = -m*v + 2002. Is v prime?
True
Suppose 2*z = 5*z - 237. Suppose z = -3*l + 499. Is l/3 + 5/15 prime?
True
Suppose 42*g = 40993 + 161909. Is g prime?
True
Suppose c - 863 = -17. Suppose 2*t = -d + 399, -5*d + 3*t + 1214 = -c. Is d composite?
False
Is ((-154138)/3)/(-11 + 279/27) a composite number?
False
Let x = -10 + 11. Let l(s) = -40*s - x + 16*s - 15*s. Is l(-2) a composite number?
True
Let s(u) = -u**3 - 5*u**2 + 4. Let i be s(-6). Suppose 0 = -70*h + 61*h + 18. Suppose -l - h*j - 3*j = -10, 4*l - i = -5*j. Is l prime?
False
Suppose 0 = -h + 5 + 4. Suppose -13*i = -h*i + 12. Is (-1)/(i/447*1) a prime number?
True
Let f be (-5)/10*-582 - -4. Suppose -5*p + 0*x - 4*x + 295 = 0, -f = -5*p - x. Is p composite?
False
Suppose -8*v + 8032 + 16072 = 0. Is v a prime number?
False
Let q(n) = n**2 + 8*n. Let i be q(-10). Let s = 39 + i. Is s prime?
True
Let d(c) = -640*c + 37. Is d(-48) a prime number?
True
Suppose 13496 = 19*u - 11*u. Is u a prime number?
False
Suppose -3*k - r + 44708 = 0, -44693 = -3*k + 3*r - r. Is k prime?
False
Let l(k) = k**3 + 4*k**2 - 13*k - 11. Let y be l(-7). Let h = y + 78. Is h a prime number?
True
Let s = -15 - 32. Let k = s - -72. Let w = 64 + k. Is w composite?
False
Suppose 7*y + 90 = 13*y. Is ((-1506)/y)/((-6)/15) prime?
True
Suppose 5*y = -3*y. Suppose y = 2*t + 3*t + 5*d, -4 = d. Suppose -a + 121 = -2*h, h + h = -t*a + 514. Is a a composite number?
False
Suppose -1017*z = -1009*z - 302936. Is z a composite number?
True
Suppose -5*j - 26 = -r, 3*r - 26 = -2*j + 4*j. Suppose -r*p + 5*p + 1079 = 0. Is p prime?
False
Let l(i) = -6*i + i + 19 + 3*i + 0*i. Is l(-9) a prime number?
True
Let h = -555 + 820. Suppose 0 = 5*v - h - 170. Is v a composite number?
True
Let g(p) = -342 + 4*p**3 + p + 0*p**3 - 3*p**2 + 349. Is g(6) composite?
False
Let z(p) = p - 5. Let k be z(8). Suppose -4*y = -5 - k. Suppose -5*i - c + 1057 = 0, 142 + 487 = 3*i - y*c. Is i a prime number?
True
Suppose 0 = 7*i - 4*i - 765. Suppose 1000 = 4*m - 0*m + d, 0 = -m + d + i. Is m a prime number?
True
Suppose -5*n - 3*y + 5263 = -12387, -n + 5*y = -3502. Is n a composite number?
False
Suppose 0 = 5*o - 5*i - 42525, -5*o + 3*i + 51899 = 9382. Is o composite?
False
Let k be 145/7 - (-10)/35. Let b = k + -6. Is -1 + 2 - (-1320)/b prime?
True
Suppose 4*t - 6 = 2*o, 0*t + t - 4*o = -2. Is (-9)/((-9)/t) - -485 prime?
True
Suppose 11*q - 216219 - 21766 = 0. Is q prime?
False
Let q be (2/(-4) + 0)*(-8 + 2). Suppose -2*z + 885 = -q*f + 4*f, 0 = 5*z + 10. Is f a prime number?
False
Let u = 12 - 10. Let w be 2/(-4*u/108). Is (w/18)/((-9)/5442) a composite number?
False
Let a(d) = -d + 9. Let l be a(8). Let h = 6 - l. Suppose -h*w + 5185 = -0*w. Is w composite?
True
Suppose 31604 = 3*m - z, 0 = m - 5*z + 8*z - 10518. Is m a prime number?
False
Let d(c) = 276*c**2 - 5*c + 3. Let i be 1 + 1 + -2 + -1 + -1. Is d(i) a composite number?
False
Let u be 16/6 + 4/(-6). Suppose -2*b = -7*b - u*d + 55, -3*b + d = -33. Is b composite?
False
Suppose 3 = 12*l - 9*l, 4*l + 43199 = 3*m. Is m a composite number?
False
Let a(u) = 53*u + 2. Let q(n) = 27*n + 1. Let v(t) = 6*a(t) - 14*q(t). Let m be v(-9). Let s = m - 371. Is s a prime number?
True
Let t = -11 - -22. Suppose -4*g = -4*i + 15 + 17, -3*g - 4*i + t = 0. Is (2095/15)/((-1)/g) a prime number?
True
Let c(q) = -56*q + 18. Let t be c(-8). Suppose 3*d + 2*s + t = 5*d, 0 = -3*d + 5*s + 703. Let x = -162 + d. Is x a composite number?
True
Let u be 1/((-2320)/(-772) + -3). Let n = 179 + u. Let o = n + -123. Is o composite?
True
Suppose -104 = -4*f - f - 2*p, -74 = -4*f + 3*p. Is ((-58)/(-4)*4)/(f/310) a composite number?
True
Suppose -15 = -0*u - 3*u. Is 12/15 + 2031/u a prime number?
False
Let g be -2*((-30)/20)/((-6)/(-2)). Is (2 - g)/(7/1869) a composite number?
True
Is (-11122)/(-1) + -6 - 5 prime?
False
Let z be ((-4)/(-6))/(2/3). Let p be (-1)/(z/(-324)) - 3. Suppose p = 2*q - 197. Is q a composite number?
True
Let l(x) = -x**2 + 9*x - 12. Let h be l(7). Let g be (-4)/(-1) + h/(-1). Suppose g*n = -4*t + 98, -8*n + 2*t + 236 = -4*n. Is n prime?
False
Let u be (-70)/(-17) + (-2)/17. Suppose 1596 = -0*i + 4*i + 2*f, 2*i - u*f - 778 = 0. Is i a composite number?
False
Suppose q - 28 = -k - 0*q, q = -3*k + 86. Let i(v) = 3*v**2 + 2*v + 1. Let m be i(-1). Let y = m + k. Is y a composite number?
False
Suppose 11*l - 15*l = 0. Suppose 2*m = 3*w + 1, -5*m + w - 2*w + 28 = l. Let f(s) = 10*s + 3. Is f(m) composite?
False
Let n = -6792 - -12123. Is n prime?
False
Let r = 19 - 17. Suppose 0 = 5*f - r*f - 3012. Is (-1)/((2 - 6)/f) composite?
False
Let t(u) = 2*u**2 - 15*u - 6. Let s be t(8). Suppose 4*v + f - 1176 = 0, -1080 = -5*v + s*f + 377. Is v prime?
True
Suppose -2*w 